{"id":548,"date":"2024-11-28T00:29:08","date_gmt":"2024-11-27T22:29:08","guid":{"rendered":"https:\/\/pasteleriaponton.es\/?page_id=548"},"modified":"2024-12-05T15:00:38","modified_gmt":"2024-12-05T13:00:38","slug":"encuentranos","status":"publish","type":"page","link":"https:\/\/pasteleriaponton.es\/index.php\/encuentranos\/","title":{"rendered":"ENCU\u00c9NTRANOS"},"content":{"rendered":"\n<div class=\"wp-block-group alignfull has-global-padding is-layout-constrained wp-block-group-is-layout-constrained\" style=\"margin-top:0;margin-bottom:0;padding-top:var(--wp--preset--spacing--50);padding-bottom:var(--wp--preset--spacing--50)\">\n<div class=\"wp-block-group alignwide has-global-padding is-layout-constrained wp-block-group-is-layout-constrained\">\n<h1 class=\"wp-block-heading alignfull has-text-align-center has-x-large-font-size\">C\u00f3mo ponerte en contacto con nosotros<\/h1>\n\n\n\n<hr class=\"wp-block-separator has-alpha-channel-opacity\"\/>\n\n\n\n<div class=\"wp-block-group alignwide is-layout-grid wp-container-core-group-is-layout-7a91d2fa wp-block-group-is-layout-grid\" style=\"margin-top:var(--wp--preset--spacing--40);padding-top:var(--wp--preset--spacing--30);padding-bottom:var(--wp--preset--spacing--30)\">\n<h1 class=\"wp-block-heading has-text-align-center has-large-font-size\" style=\"font-style:normal;font-weight:300\">Redes sociales<\/h1>\n\n\n\n<h1 class=\"wp-block-heading has-text-align-center has-large-font-size\" style=\"font-style:normal;font-weight:300\">Correo electr\u00f3nico<\/h1>\n\n\n\n<h1 class=\"wp-block-heading has-text-align-center has-large-font-size\" style=\"font-style:normal;font-weight:300\">Tel\u00e9fono<\/h1>\n\n\n<nav class=\"has-medium-font-size items-justified-center is-vertical wp-block-navigation is-content-justification-center is-layout-flex wp-container-core-navigation-is-layout-30778a02 wp-block-navigation-is-layout-flex\" aria-label=\"Navegaci\u00f3n 2\"><ul class=\"wp-block-navigation__container has-medium-font-size items-justified-center is-vertical wp-block-navigation has-medium-font-size\"><li class=\"has-medium-font-size wp-block-navigation-item wp-block-navigation-link\"><a class=\"wp-block-navigation-item__content\"  href=\"https:\/\/www.instagram.com\/pasteleriaponton\"><span class=\"wp-block-navigation-item__label\">Instagram<\/span><\/a><\/li><\/ul><\/nav>\n\n\n<p class=\"has-text-align-center has-medium-font-size wp-container-content-574e1f9d\">contacto@pasteleriaponton.es<\/p>\n\n\n\n<p class=\"has-text-align-center has-medium-font-size wp-container-content-574e1f9d\">+34 678 891 881<\/p>\n<\/div>\n<\/div>\n<\/div>\n\n\n\n<div class=\"wp-block-group alignfull is-style-section-3 has-accent-1-background-color has-background has-global-padding is-layout-constrained wp-container-core-group-is-layout-2bcd15f1 wp-block-group-is-layout-constrained is-style-section-3--1\" style=\"margin-top:0;margin-bottom:0;padding-top:var(--wp--preset--spacing--30);padding-right:var(--wp--preset--spacing--40);padding-bottom:var(--wp--preset--spacing--30);padding-left:var(--wp--preset--spacing--40)\">\n<div class=\"wp-block-columns alignwide is-layout-flex wp-container-core-columns-is-layout-47c06fe3 wp-block-columns-is-layout-flex\">\n<div class=\"wp-block-column is-vertically-aligned-top is-layout-flow wp-block-column-is-layout-flow\">\n<div class=\"wp-block-group is-vertical is-content-justification-stretch is-layout-flex wp-container-core-group-is-layout-4781e296 wp-block-group-is-layout-flex\" style=\"min-height:100%\">\n<p class=\"is-style-default has-contrast-color has-base-background-color has-text-color has-background has-link-color has-medium-font-size wp-elements-fdc4fe2bfd8b47f52045995d99f3bacd\">C. San Ant\u00f3n, 1, 28200 <br>San Lorenzo de El Escorial, Madrid<\/p>\n\n\n\n<p class=\"has-contrast-color has-base-background-color has-text-color has-background has-link-color has-medium-font-size wp-elements-430a0c972b036fd54d34f664ba0c9c11\" style=\"text-transform:uppercase\">HORARIO<br>Martes a viernes: 8:30 a 14:00 y 17:00 a 20:00<br>S\u00e1bados y domingos: 8:30 a 14:30 y 17:00 a 20:00<br>Lunes CERRADO<\/p>\n\n\n\n<p class=\"has-contrast-color has-base-background-color has-text-color has-background has-link-color has-medium-font-size wp-elements-ce0d2106d274062e61d0785437ada7e4\" style=\"text-transform:uppercase\"><\/p>\n<\/div>\n<\/div>\n\n\n\n<div class=\"wp-block-column has-global-padding is-layout-constrained wp-block-column-is-layout-constrained\">\n<div style=\"width: 100%; height: 100%;\"><iframe width=\"100%\" height=\"100%\" frameborder=\"0\" scrolling=\"no\" marginheight=\"0\" marginwidth=\"0\" src=\"https:\/\/www.google.com\/maps\/embed?pb=!1m18!1m12!1m3!1d3029.751849916447!2d-4.149239787912058!3d40.591232571292814!2m3!1f0!2f0!3f0!3m2!1i1024!2i768!4f13.1!3m3!1m2!1s0xd410b3f1808171f%3A0x7d14d0d4d83dfec6!2sPasteler%C3%ADa%20Pont%C3%B3n%20San%20Lorenzo%20de%20El%20Escorial!5e0!3m2!1ses!2ses!4v1732748283191!5m2!1ses!2ses\" style=\"border:0;\" allowfullscreen=\"\" loading=\"lazy\" referrerpolicy=\"no-referrer-when-downgrade\"><\/iframe><\/div>\n<\/div>\n<\/div>\n<\/div>\n\n\n\n<div class=\"wp-block-group alignfull has-global-padding is-layout-constrained wp-container-core-group-is-layout-55c965cd wp-block-group-is-layout-constrained\" style=\"margin-top:0;margin-bottom:0;padding-top:var(--wp--preset--spacing--60);padding-bottom:var(--wp--preset--spacing--60)\">\n<div class=\"wp-block-group alignwide has-global-padding is-layout-constrained wp-block-group-is-layout-constrained\">\n<p class=\"has-text-align-center is-style-text-annotation has-x-large-font-size is-style-text-annotation--2\" style=\"font-style:normal;font-weight:500\">\u00bfTienes preguntas? <br><a href=\"#\" rel=\"nofollow\">No dudes en ponerte en contacto con nosotros.<\/a><\/p>\n<\/div>\n<\/div>\n","protected":false},"excerpt":{"rendered":"<p>C\u00f3mo ponerte en contacto con nosotros Redes sociales Correo electr\u00f3nico Tel\u00e9fono contacto@pasteleriaponton.es +34 678 891 881 C. San Ant\u00f3n, 1, 28200 San Lorenzo de El Escorial, Madrid HORARIOMartes a viernes: 8:30 a 14:00 y 17:00 a 20:00S\u00e1bados y domingos: 8:30 a 14:30 y 17:00 a 20:00Lunes CERRADO \u00bfTienes preguntas? No dudes en ponerte en contacto [&hellip;]<\/p>\n","protected":false},"author":1,"featured_media":0,"parent":0,"menu_order":0,"comment_status":"closed","ping_status":"closed","template":"","meta":{"inline_featured_image":false,"footnotes":""},"class_list":["post-548","page","type-page","status-publish","hentry"],"_links":{"self":[{"href":"https:\/\/pasteleriaponton.es\/index.php\/wp-json\/wp\/v2\/pages\/548","targetHints":{"allow":["GET"]}}],"collection":[{"href":"https:\/\/pasteleriaponton.es\/index.php\/wp-json\/wp\/v2\/pages"}],"about":[{"href":"https:\/\/pasteleriaponton.es\/index.php\/wp-json\/wp\/v2\/types\/page"}],"author":[{"embeddable":true,"href":"https:\/\/pasteleriaponton.es\/index.php\/wp-json\/wp\/v2\/users\/1"}],"replies":[{"embeddable":true,"href":"https:\/\/pasteleriaponton.es\/index.php\/wp-json\/wp\/v2\/comments?post=548"}],"version-history":[{"count":32,"href":"https:\/\/pasteleriaponton.es\/index.php\/wp-json\/wp\/v2\/pages\/548\/revisions"}],"predecessor-version":[{"id":869,"href":"https:\/\/pasteleriaponton.es\/index.php\/wp-json\/wp\/v2\/pages\/548\/revisions\/869"}],"wp:attachment":[{"href":"https:\/\/pasteleriaponton.es\/index.php\/wp-json\/wp\/v2\/media?parent=548"}],"curies":[{"name":"wp","href":"https:\/\/api.w.org\/{rel}","templated":true}]}}